{"id":11759,"date":"2016-05-01T23:56:54","date_gmt":"2016-05-01T22:56:54","guid":{"rendered":"https:\/\/www.maeva-polynesie.fr\/?page_id=11759"},"modified":"2026-01-04T19:42:07","modified_gmt":"2026-01-04T18:42:07","slug":"adherer","status":"publish","type":"page","link":"https:\/\/site-de-test-et-validation.maeva-polynesie.fr\/?page_id=11759","title":{"rendered":"Adh\u00e9rer"},"content":{"rendered":"<div class=\"fusion-fullwidth fullwidth-box fusion-builder-row-1 nonhundred-percent-fullwidth non-hundred-percent-height-scrolling\" style=\"--awb-background-position:left top;--awb-border-sizes-top:0px;--awb-border-sizes-bottom:0px;--awb-border-sizes-left:0px;--awb-border-sizes-right:0px;--awb-border-radius-top-left:0px;--awb-border-radius-top-right:0px;--awb-border-radius-bottom-right:0px;--awb-border-radius-bottom-left:0px;--awb-padding-top:20px;--awb-padding-bottom:20px;--awb-flex-wrap:wrap;\" ><div class=\"fusion-builder-row fusion-row\"><div class=\"fusion-layout-column fusion_builder_column fusion-builder-column-0 fusion_builder_column_1_1 1_1 fusion-one-full fusion-column-first fusion-column-last fusion-column-no-min-height\" style=\"--awb-bg-blend:overlay;--awb-bg-size:cover;--awb-margin-bottom:0px;\"><div class=\"fusion-column-wrapper fusion-flex-column-wrapper-legacy\"><div class=\"fusion-text fusion-text-1\"><p>Pour adh\u00e9rer \u00e0 l&#8217;association veuillez t\u00e9l\u00e9charger le document ci-dessous, le remplir et nous l&#8217;envoyer avec votre r\u00e8glement.<\/p>\n<p><span style=\"color: #ff0000;\"><strong>Attention!<\/strong> Si le document s&#8217;ouvre dans votre navigateur, vous ne pourrez pas le remplir. Vous pourrez juste l&#8217;imprimer pour le remplir \u00e0 la main<\/span><\/p>\n<p><span style=\"color: #ff0000;\"><strong>=&gt; Il faut donc privil\u00e9gier un t\u00e9l\u00e9chargement du fichier suivi d&#8217;une ouverture dans Acrobat Reader.<\/strong><\/span><\/p>\n<p>Vous pouvez \u00e9galement prendre contact avec nous au travers de <a href=\"https:\/\/site-de-test-et-validation.maeva-polynesie.fr\/?page_id=86\" target=\"_blank\" rel=\"noopener noreferrer\">notre page de contact<\/a>.<\/p>\n<p>Merci et \u00e0 bient\u00f4t !<\/p>\n<\/div><div class=\"fusion-image-element in-legacy-container\" style=\"--awb-caption-title-font-family:var(--h2_typography-font-family);--awb-caption-title-font-weight:var(--h2_typography-font-weight);--awb-caption-title-font-style:var(--h2_typography-font-style);--awb-caption-title-size:var(--h2_typography-font-size);--awb-caption-title-transform:var(--h2_typography-text-transform);--awb-caption-title-line-height:var(--h2_typography-line-height);--awb-caption-title-letter-spacing:var(--h2_typography-letter-spacing);\"><span class=\" fusion-imageframe imageframe-none imageframe-1 hover-type-none\"><a class=\"fusion-no-lightbox\" href=\"https:\/\/site-de-test-et-validation.maeva-polynesie.fr\/wp-content\/uploads\/2026\/01\/2026-02-04_Bulletin-dadhesion-2026LC_v26_remplissable.pdf\" target=\"_blank\" aria-label=\"PDF_Download\" rel=\"noopener noreferrer\"><img decoding=\"async\" width=\"102\" height=\"97\" alt=\"Formulaire d&#039;adh\u00e9sion\" src=\"https:\/\/site-de-test-et-validation.maeva-polynesie.fr\/wp-content\/uploads\/2017\/01\/PDF_Download-e1525798200495.jpg\" class=\"img-responsive wp-image-11897\"\/><\/a><\/span><\/div><div class=\"fusion-text fusion-text-2\" style=\"--awb-text-transform:none;\"><p style=\"text-align: left;\">Formulaire d&#8217;adh\u00e9sion 2026<\/p>\n<\/div><div class=\"fusion-text fusion-text-3\" style=\"--awb-text-transform:none;\"><h6 class=\"\" style=\"text-align: left; --fontsize: 11; line-height: 1.55; --minfontsize: 11;\" data-fontsize=\"11\" data-lineheight=\"17.05px\">Page cr\u00e9\u00e9e par MR le : 2 mai 2016 &#8211; modifi\u00e9e par MR le : 4 janvier 2026<\/h6>\n<\/div><div class=\"fusion-clearfix\"><\/div><\/div><\/div><\/div><\/div>\n","protected":false},"excerpt":{"rendered":"","protected":false},"author":1,"featured_media":0,"parent":0,"menu_order":0,"comment_status":"closed","ping_status":"closed","template":"","meta":{"footnotes":""},"class_list":["post-11759","page","type-page","status-publish","hentry"],"_links":{"self":[{"href":"https:\/\/site-de-test-et-validation.maeva-polynesie.fr\/index.php?rest_route=\/wp\/v2\/pages\/11759","targetHints":{"allow":["GET"]}}],"collection":[{"href":"https:\/\/site-de-test-et-validation.maeva-polynesie.fr\/index.php?rest_route=\/wp\/v2\/pages"}],"about":[{"href":"https:\/\/site-de-test-et-validation.maeva-polynesie.fr\/index.php?rest_route=\/wp\/v2\/types\/page"}],"author":[{"embeddable":true,"href":"https:\/\/site-de-test-et-validation.maeva-polynesie.fr\/index.php?rest_route=\/wp\/v2\/users\/1"}],"replies":[{"embeddable":true,"href":"https:\/\/site-de-test-et-validation.maeva-polynesie.fr\/index.php?rest_route=%2Fwp%2Fv2%2Fcomments&post=11759"}],"version-history":[{"count":41,"href":"https:\/\/site-de-test-et-validation.maeva-polynesie.fr\/index.php?rest_route=\/wp\/v2\/pages\/11759\/revisions"}],"predecessor-version":[{"id":13331,"href":"https:\/\/site-de-test-et-validation.maeva-polynesie.fr\/index.php?rest_route=\/wp\/v2\/pages\/11759\/revisions\/13331"}],"wp:attachment":[{"href":"https:\/\/site-de-test-et-validation.maeva-polynesie.fr\/index.php?rest_route=%2Fwp%2Fv2%2Fmedia&parent=11759"}],"curies":[{"name":"wp","href":"https:\/\/api.w.org\/{rel}","templated":true}]}}