{"id":11771,"date":"2016-05-02T00:31:35","date_gmt":"2016-05-01T23:31:35","guid":{"rendered":"https:\/\/www.maeva-polynesie.fr\/?page_id=11771"},"modified":"2018-05-09T17:20:35","modified_gmt":"2018-05-09T16:20:35","slug":"reunion-postulants","status":"publish","type":"page","link":"https:\/\/site-de-test-et-validation.maeva-polynesie.fr\/?page_id=11771","title":{"rendered":"R\u00e9union postulants"},"content":{"rendered":"<div class=\"fusion-fullwidth fullwidth-box fusion-builder-row-1 nonhundred-percent-fullwidth non-hundred-percent-height-scrolling\" style=\"--awb-background-position:left top;--awb-border-radius-top-left:0px;--awb-border-radius-top-right:0px;--awb-border-radius-bottom-right:0px;--awb-border-radius-bottom-left:0px;--awb-padding-top:20px;--awb-padding-bottom:20px;--awb-border-sizes-top:0px;--awb-border-sizes-bottom:0px;--awb-flex-wrap:wrap;\" ><div class=\"fusion-builder-row fusion-row\"><div class=\"fusion-layout-column fusion_builder_column fusion-builder-column-0 fusion_builder_column_1_1 1_1 fusion-one-full fusion-column-first fusion-column-last fusion-column-no-min-height\" style=\"--awb-bg-size:cover;--awb-margin-bottom:0px;\"><div class=\"fusion-column-wrapper fusion-flex-column-wrapper-legacy\"><div class=\"fusion-text fusion-text-1\"><div align=\"left\">\n<h1>R\u00e9union d&#8217;information \u00e0 destination des postulants \u00e0 l&#8217;adoption<\/h1>\n<p>Une r\u00e9union d\u2019information pour les postulants sur l\u2019adoption en Polyn\u00e9sie\u00a0organis\u00e9e par l\u2019association M.A.E.V.A. Polyn\u00e9sie a lieu tous les ans, aux environs du mois de mars.<\/p>\n<p>Elle se d\u00e9roule une ann\u00e9e sur deux, en r\u00e9gion parisienne ou \u00e0 Lyon.<\/p>\n<\/div>\n<div align=\"left\">\n<h2 data-fontsize=\"16\" data-lineheight=\"24\"><\/h2>\n<h2 data-fontsize=\"16\" data-lineheight=\"24\">D\u00e9roulement de la r\u00e9union :<\/h2>\n<p>En g\u00e9n\u00e9ral, les r\u00e9unions se d\u00e9roulent ainsi:<\/p>\n<ul>\n<li>Pr\u00e9sentation de l\u2019association<\/li>\n<li>Pr\u00e9sentation des proc\u00e9dures d\u2019adoption en Polyn\u00e9sie<\/li>\n<li>T\u00e9moignages de personnes qui viennent de rentrer de Polyn\u00e9sie\u00a0viennent\u00a0enrichir les d\u00e9bats.\n<ul>\n<li>La pr\u00e9sence des membres du bureau de MAEVA pourra aussi vous \u00eatre utile pour essayer d\u2019\u00e9viter les tracas de ces proc\u00e9dures d\u2019adoption.<\/li>\n<li>Tout sera fait pour vous donner le maximum de renseignements sur l\u2019adoption en Polyn\u00e9sie.<\/li>\n<\/ul>\n<\/li>\n<li>Pot de cl\u00f4ture.<\/li>\n<\/ul>\n<h2 data-fontsize=\"16\" data-lineheight=\"24\">Conditions\u00a0d\u2019entr\u00e9e<\/h2>\n<p>Afin de participer aux frais li\u00e9s \u00e0 cette r\u00e9union, une petite participation sera demand\u00e9e aux non adh\u00e9rents et ce sera gratuit pour les membres de MAEVA (possibilit\u00e9 d&#8217;adh\u00e9rer sur place, sinon vous pouvez\u00a0en faire la demande\u00a0<a href=\"https:\/\/site-de-test-et-validation.maeva-polynesie.fr\/?page_id=86\">en ligne<\/a>)<\/p>\n<p>Afin de mieux nous organiser nous aimerions avoir un e-mail de r\u00e9servation (nom et nombre de personne(s) pr\u00e9sente(s)).<\/p>\n<p>\u00e0 l\u2019adresse suivante :\u00a0myriam.pradet \u00ab\u00a0@\u00a0\u00bb maeva-polynesie.fr<\/p>\n<p>A bient\u00f4t.<br \/>\nMyriam PRADET\u00a0 Pr\u00e9sidente de MAEVA Polyn\u00e9sie<\/p>\n<\/div>\n<\/div><div class=\"fusion-text fusion-text-2\"><h6 style=\"text-align: left;\"><span style=\"color: #808080;\">Page cr\u00e9\u00e9e par MR le : 2 mai 2016 &#8211; modifi\u00e9e par MR le : 9 mai 2018<\/span><\/h6>\n<\/div><div class=\"fusion-clearfix\"><\/div><\/div><\/div><\/div><\/div>\n","protected":false},"excerpt":{"rendered":"","protected":false},"author":1,"featured_media":0,"parent":0,"menu_order":0,"comment_status":"closed","ping_status":"closed","template":"","meta":{"footnotes":""},"class_list":["post-11771","page","type-page","status-publish","hentry"],"_links":{"self":[{"href":"https:\/\/site-de-test-et-validation.maeva-polynesie.fr\/index.php?rest_route=\/wp\/v2\/pages\/11771","targetHints":{"allow":["GET"]}}],"collection":[{"href":"https:\/\/site-de-test-et-validation.maeva-polynesie.fr\/index.php?rest_route=\/wp\/v2\/pages"}],"about":[{"href":"https:\/\/site-de-test-et-validation.maeva-polynesie.fr\/index.php?rest_route=\/wp\/v2\/types\/page"}],"author":[{"embeddable":true,"href":"https:\/\/site-de-test-et-validation.maeva-polynesie.fr\/index.php?rest_route=\/wp\/v2\/users\/1"}],"replies":[{"embeddable":true,"href":"https:\/\/site-de-test-et-validation.maeva-polynesie.fr\/index.php?rest_route=%2Fwp%2Fv2%2Fcomments&post=11771"}],"version-history":[{"count":12,"href":"https:\/\/site-de-test-et-validation.maeva-polynesie.fr\/index.php?rest_route=\/wp\/v2\/pages\/11771\/revisions"}],"predecessor-version":[{"id":12883,"href":"https:\/\/site-de-test-et-validation.maeva-polynesie.fr\/index.php?rest_route=\/wp\/v2\/pages\/11771\/revisions\/12883"}],"wp:attachment":[{"href":"https:\/\/site-de-test-et-validation.maeva-polynesie.fr\/index.php?rest_route=%2Fwp%2Fv2%2Fmedia&parent=11771"}],"curies":[{"name":"wp","href":"https:\/\/api.w.org\/{rel}","templated":true}]}}